e the remainder when z is divided by 39.
37
Let g = 27 + -52. Let z = -18 - g. What is the remainder when z is divided by 2?
1
Suppose o - 6*o + 77 = 3*h, 0 = -2*h - o + 63. Calculate the remainder when 97 is divided by h.
29
Suppose -3*j + 18 = 2*w - j, 2*j = w - 18. Let v be (8/14)/(w/42). Suppose -v*x = -3*x + 15. What is the remainder when 42 is divided by x?
12
Suppose -2*y - 10 + 74 = 0. Let c be 1*(-1)/((-2)/10*1). Suppose k + 4*t + 11 = 0, -c*t + 0*t - 16 = k. Calculate the remainder when y is divided by k.
5
Suppose -7*a = -10*a + 15. Let h be (0 - -1) + (4/(-2) - 2). Calculate the remainder when (-50)/(-4) - (h + (-15)/(-6)) is divided by a.
3
Let q(y) = -10*y**3 + 2*y**2 - 1. Suppose -12 = -9*g + 8*g. Suppose 3*i = -3*n - 3 - g, 4*n = -2*i - 18. What is the remainder when 21 is divided by q(i)?
10
Let l(u) = u**2 + 9*u - 8. Suppose 0 = 3*t - 2*t + 6. Let q = 10 + t. Calculate the remainder when q is divided by l(-10).
0
Calculate the remainder when 7 + -5 - 370/(-10) is divided by 6/27 - (-61)/9.
4
Calculate the remainder when (-5994)/(-21) + (12/21)/1 is divided by 18.
16
Suppose -17*x = -19*x - d + 39, 5*x - d - 101 = 0. Calculate the remainder when 55 is divided by x.
15
What is the remainder when (-2496)/24*2/(-4) is divided by 23?
6
Let l = 76 + -49. Suppose 0 = -3*b - 5*d + 159 - l, -207 = -5*b - 4*d. Calculate the remainder when b is divided by 14.
11
Calculate the remainder when 20 is divided by (2 + -8)*(40/(-3))/5.
4
Let w = -37 + 38. Let g = 5 - w. What is the remainder when 9 is divided by g?
1
Suppose 3968*h = 3966*h + 284. Calculate the remainder when h is divided by 49.
44
Suppose -48*i - 275 = -59*i. Calculate the remainder when 466 is divided by i.
16
Suppose 4*o + 85 = -39. Let h = -12 - o. Let d(a) = 10*a**3 - 2*a**2 + 2*a - 1. What is the remainder when d(2) is divided by h?
18
Suppose -2*l - 3*h - 1 = -7, -5*l - 4*h = -15. Suppose 5*b + l*s - 169 = 136, 2*s = -2*b + 126. What is the remainder when b is divided by 15?
13
What is the remainder when 0*(-5)/40 + 204 is divided by 32?
12
Let h(f) = f**3 - 15*f**2 - 52*f - 4. What is the remainder when 221 is divided by h(18)?
29
Suppose 31 = 4*x - 57. Calculate the remainder when 299 is divided by x.
13
What is the remainder when ((-64)/6)/(20/(-510)) is divided by 47?
37
Let s(w) = 125*w - 364. What is the remainder when 670 is divided by s(4)?
126
Let p = 5 - 12. Let r = -2 - p. Suppose t = 3*y - 3*t - 37, -2*y + 58 = 4*t. Calculate the remainder when y is divided by r.
4
Suppose o + 8*b - 11*b - 7 = 0, 5*o + 4*b = -3. What is the remainder when 6 is divided by o?
0
Suppose -2*z + 0*z = 0. Suppose -2*b - b = -3*m + 3, 4*m + 4*b - 36 = z. Let w(r) = 3*r**2 - 8*r + 7. Calculate the remainder when w(m) is divided by 11.
9
Let i(d) = -d**3 + 19*d**2 + 25*d - 36. What is the remainder when i(20) is divided by 13?
12
Let h = 33 - 24. Let k be ((-6)/h)/(10/(-2865)). Suppose -4*j - 4*r = -212, -4*r - k = -3*j + r. Calculate the remainder when j is divided by 10.
7
Let c = -512 - -519. Calculate the remainder when c is divided by 4.
3
Let c(k) = -k + 5. Let o be c(7). Let d(m) = -m**3 + 9*m**2 - 15*m + 2. Calculate the remainder when d(5) is divided by ((-8)/o)/(6/21).
13
Let u(t) = t - 8. Let f be u(10). Suppose -18 = -2*h + f*l, -2*h - 3*l = l - 6. What is the remainder when 39 is divided by h?
4
Suppose 14*s - 3042 = 5*s. Calculate the remainder when s is divided by 68.
66
Let b(s) = -s**2 - 19*s + 20. Let g(i) = -2*i**2 - 29*i + 30. Let x(m) = 8*b(m) - 5*g(m). Calculate the remainder when 55 is divided by x(4).
13
Suppose 2*t - 7 = 51. Let u = -80 + 165. Calculate the remainder when u is divided by t.
27
Suppose -2*b = -5*r - 3*b + 282, r - 4*b - 48 = 0. Calculate the remainder when r is divided by 6.
2
Suppose -8*l = -25 - 455. Suppose -146*y = -141*y - l. Suppose 0*a + a = 2*u - 72, -2*a = 4. Calculate the remainder when u is divided by y.
11
Suppose 0*b = -3*t + b - 51, 3*t - 4*b + 60 = 0. What is the remainder when -17*(-13)/7 + t/28 is divided by (-1*2)/2 - -12?
9
Suppose 0 = v + 2*c - 87, 0*v - 5*c = -2*v + 174. Suppose 11 - 5 = 3*w, v = 5*y + w. Suppose 96 - 360 = -8*r. What is the remainder when r is divided by y?
16
Let m = 7 + -3. Suppose 0*z = -m*z + 184. Let y = -16784 + 16792. Calculate the remainder when z is divided by y.
6
Let m(y) = -y**3 + 3*y**2 - 3*y + 7. Let g be m(3). Let s(a) = -24*a + 3. What is the remainder when s(g) is divided by 9?
6
Suppose -419 = -4*q - t - 2*t, 0 = -3*q + 5*t + 307. Suppose 5*a + q = -2*l + 6*l, 88 = 4*l - a. What is the remainder when 2/2 + 38 + 1 is divided by l?
19
Calculate the remainder when 610 is divided by (5 - (-46)/(-10))*85/2.
15
Let f = -15 - -24. What is the remainder when 11 is divided by f?
2
Suppose 23*r - 53*r + 630 = 0. What is the remainder when 964 is divided by r?
19
Let p(m) = 12*m + 272. What is the remainder when p(32) is divided by 11?
7
Suppose -2*w = -10*w + 40. Suppose 5*v + 10*g - 5*g = 15, -5*v + 4*g = 21. Calculate the remainder when (-3 - (-1 - -21))/v is divided by w.
3
Let f be (0 - -6)/(-6)*(-53 - -1). Let p = f - -1. Calculate the remainder when p is divided by 30.
23
Suppose 3*c + 957 + 784 = 5*y, 5*y - 2*c - 1739 = 0. Calculate the remainder when y is divided by 14.
11
Suppose 36 = l - 27. Calculate the remainder when 124 is divided by l.
61
Let u = 288 - 267. Let s(l) = 3*l**2 - 3*l - 7. Calculate the remainder when s(-5) is divided by u.
20
Suppose -9*i = -4*i + 125. What is the remainder when 58 is divided by (-40)/i*(-75)/(-6)?
18
Suppose 2*y + 0 - 18 = 0. Calculate the remainder when -2 - -1 - -1 - (-20 + -2) is divided by y.
4
Suppose -1649 = -49*a + 1046. Calculate the remainder when 173 is divided by a.
8
Suppose 4*t + 5*c = 110, -5*t - 5 = -3*c - 161. Let r(n) = n**3 - 5*n**2 + 4*n + 2. Let j be r(5). Let m = 38 - j. What is the remainder when t is divided by m?
14
Let d(q) = 2*q**3 - q**2 - 5*q + 2. Let y be d(2). Suppose -y*z = 2*z - 78. Suppose 5*a = 81 + 109. What is the remainder when a is divided by z?
12
Suppose 4*c = b + 8, -5*c + 0*b + 9 = -b. Let a = c + 1. Suppose 0 = 2*o - 3*p - 3, 15 = o - 0*o + 3*p. Calculate the remainder when o is divided by a.
0
What is the remainder when (-244)/(20/(-12 - -7)) is divided by 22?
17
Suppose -9*h + h + 1128 = 0. Suppose 0 = -8*r + h - 13. Calculate the remainder when 46 is divided by r.
14
Let k = -761 + 810. What is the remainder when k is divided by 298/12 + (-1)/(-6)?
24
What is the remainder when 112 is divided by 82*1/4 + (-10)/20?
12
Suppose 2*t - 5*n = 140, -8*t - 5*n = -3*t - 280. Suppose 5*k + 0*b - 79 = -b, 4*k - t = -4*b. Calculate the remainder when 19 is divided by k.
3
Suppose 3*c - 5*l = 2858, 954 = -3*c + 4*c - 2*l. Calculate the remainder when c is divided by 106.
98
Let r(n) = n**3 + 3*n**2 - 6*n - 3. Let x = -2 + -2. Suppose -2*s + 17 = -21. Calculate the remainder when s is divided by r(x).
4
Let n(d) = -3*d**2 + 45*d - 95. Suppose -3*l - 2*l = 2*a - 203, 5*a = 5*l + 560. What is the remainder when a is divided by n(11)?
35
Let j = 286 + -260. Calculate the remainder when 139 is divided by j.
9
Let j be (48/(-21) - -4)*-7. Let x = 36 - j. Calculate the remainder when x is divided by 6/(-33) + 435/33.
9
Suppose 13*w + 5 = 8*w, 4*g - 55 = -5*w. What is the remainder when g is divided by (-3)/5*(-20)/4?
0
Suppose -17421 = -90*n + 5979. Calculate the remainder when n is divided by 254.
6
Let k(l) be the third derivative of l**5/60 - 7*l**4/24 + 5*l**3/3 - 19*l**2. Calculate the remainder when 6 is divided by k(6).
2
Let a = 140 - 97. Calculate the remainder when a is divided by 7.
1
Let k(v) = -v**3 - 24*v**2 - 23*v + 28. What is the remainder when 391 is divided by k(-23)?
27
Let n(z) = 2*z**2 + 6*z - 7. Let m(r) = -r**2 + 29*r - 16. What is the remainder when m(27) is divided by n(-5)?
12
Suppose -4*j = -46 - 122. Let m = 5 + j. Calculate the remainder when m is divided by 98/8 - 2/8.
11
Let x(w) = -w**3 + 8*w**2 - 6*w - 2. Let s be x(7). Suppose s*p = 0, 5*i - 3*i = -p + 168. Calculate the remainder when i is divided by 3/(2 + 275/(-145)).
26
Calculate the remainder when 127 is divided by ((-240)/35)/(9/(-42)).
31
Let k = 4 + 2. Let h(j) be the second derivative of j**3/6 + 2*j**2 + 9*j. What is the remai